(base 14) in base 12?
1269
-dc7 (base 16) to base 6
-24155
Convert 30b (base 12) to base 2.
110111011
Convert -11170 (base 9) to base 12.
-4376
Convert 1067 (base 13) to base 9.
3115
-100011100010 (base 2) to base 16
-8e2
-766 (base 11) to base 6
-4131
Convert -12166 (base 8) to base 14.
-1ca2
What is 4e (base 15) in base 12?
62
Convert 1120100222 (base 3) to base 14.
b383
What is -712 (base 8) in base 10?
-458
-4331 (base 5) to base 15
-296
21032 (base 4) to base 6
2422
Convert -288a (base 13) to base 5.
-141420
Convert -857 (base 16) to base 14.
-ac7
111100011 (base 2) to base 11
3aa
Convert -1116 (base 10) to base 15.
-4e6
What is -1000000001111101 (base 2) in base 15?
-9b2d
Convert 290 (base 10) to base 9.
352
What is -43e1 (base 15) in base 7?
-56641
What is -128 (base 9) in base 11?
-98
Convert -19895 (base 10) to base 5.
-1114040
-10001101 (base 2) to base 10
-141
What is -2242 (base 8) in base 15?
-541
111 (base 6) to base 14
31
Convert -752 (base 8) to base 9.
-604
1200121 (base 3) to base 6
5411
Convert -12111002 (base 3) to base 6.
-30302
What is 1373a (base 13) in base 11?
25377
Convert 33ec (base 16) to base 13.
6086
What is -e429 (base 15) in base 11?
-33229
Convert 1106 (base 10) to base 2.
10001010010
843 (base 13) to base 9
1833
931 (base 10) to base 12
657
Convert 10303 (base 4) to base 16.
133
Convert 48 (base 14) to base 4.
1000
What is -433311 (base 5) in base 3?
-202100022
What is 13220 (base 8) in base 7?
22561
160 (base 15) to base 14
187
a250 (base 13) to base 5
1203443
2557 (base 8) to base 2
10101101111
What is -258 (base 13) in base 12?
-2a3
What is -11001011011 (base 2) in base 16?
-65b
-3689 (base 12) to base 10
-6153
What is -326351 (base 7) in base 2?
-1110000001111000
What is -102b (base 14) in base 13?
-1361
934 (base 12) to base 7
3616
Convert -801 (base 13) to base 8.
-2511
Convert -10a3 (base 13) to base 4.
-210122
What is -1101101001 (base 2) in base 7?
-2355
16004 (base 10) to base 13
7391
Convert 1213 (base 8) to base 11.
542
Convert -10112221 (base 3) to base 9.
-3487
Convert 338b (base 15) to base 16.
2ab3
Convert 64407 (base 10) to base 7.
355530
1bcb (base 16) to base 9
10675
What is 1003322 (base 5) in base 2?
11111011010111
6583 (base 12) to base 2
10101110110011
Convert 5524 (base 9) to base 3.
12120211
-1010210102 (base 3) to base 10
-22448
Convert 10011021 (base 3) to base 12.
13ba
Convert -874 (base 13) to base 15.
-667
What is 201122020 (base 3) in base 2?
11011111101100
-130121 (base 4) to base 3
-2111022
Convert -111201 (base 4) to base 15.
-61c
1000001011 (base 2) to base 14
295
What is 34256 (base 8) in base 16?
38ae
-3301 (base 16) to base 11
-98a0
Convert 21201021 (base 3) to base 2.
1010111110111
What is 1011220 (base 3) in base 8?
1535
1066 (base 7) to base 4
12013
-494 (base 13) to base 4
-30131
Convert -9b9 (base 16) to base 11.
-1963
-1704 (base 8) to base 4
-33010
69783 (base 10) to base 15
15a23
What is 2e26 (base 16) in base 7?
46305
What is -1730 (base 11) in base 12?
-1343
What is -2a81 (base 12) in base 10?
-4993
-3781 (base 9) to base 8
-5413
What is 6759 (base 11) in base 9?
13175
-10011001000010 (base 2) to base 6
-113202
1221120 (base 3) to base 13
852
-1051 (base 6) to base 2
-11110111
363 (base 12) to base 4
13323
-31546 (base 7) to base 2
-1111010010001
What is 1304154 (base 6) in base 16?
11506
Convert 10a (base 11) to base 15.
8b
What is 4511 (base 7) in base 11?
1248
20 (base 6) to base 15
c
What is 11be (base 15) in base 6?
25255
Convert 65a6 (base 15) to base 3.
1002112110
What is -4235 (base 8) in base 9?
-3020
-2020022 (base 4) to base 3
-102221202
Convert 21002021 (base 3) to base 4.
1100230
Convert -8c4 (base 15) to base 8.
-3700
What is 11913 (base 13) in base 8?
77047
Convert 2022101 (base 3) to base 9.
2271
What is 64e (base 16) in base 12?
b26
Convert -20f (base 16) to base 11.
-43a
What is 1020220220 (base 3) in base 15?
74d9
What is -10003030 (base 4) in base 12?
-9724
-32310 (base 4) to base 12
-670
What is -2658 (base 14) in base 12?
-3a9a
What is 26 (base 9) in base 10?
24
Convert -111011111101 (base 2) to base 14.
-1581
Convert 3431 (base 5) to base 2.
111101011
2a40 (base 11) to base 7
14263
Convert 24633 (base 7) to base 11.
4972
What is -2011010 (base 5) in base 8?
-76405
Convert -401 (base 8) to base 7.
-515
-12033 (base 4) to base 11
-333
-936 (base 10) to base 15
-426
What is 2802 (base 12) in base 7?
16304
Convert 11003 (base 9) to base 10.
7293
Convert a925 (base 14) to base 7.
151145
Convert 407 (base 8) to base 4.
10013
What is 5b85 (base 13) in base 4?
3022121
-1c1d (base 14) to base 2
-1010000000011
1793 (base 13) to base 10
3500
Convert -1001101 (base 2) to base 9.
-85
What is -1424 (base 6) in base 3?
-111221
-3ba (base 12) to base 9
-707
What is -6de (base 16) in base 7?
-5061
-42 (base 13) to base 4
-312
25bd (base 14) to base 6
50415
Convert -2fa (base 16) to base 3.
-1001020
-10322 (base 6) to base 10
-1418
Convert -1110110111011 (base 2) to base 8.
-16673
-55252 (base 6) to base 14
-2b16
4032 (base 7) to base 5
21040
Convert 658 (base 9) to base 8.
1033
Convert -10100011111 (base 2) to base 11.
-a92
-112525 (base 6) to base 15
-2d1b
ac (base 16) to base 8
254
4021 (base 6) to base 12
611
110001111010 (base 2) to base 9
4338
What is -43141 (base 11) in base 15?
-138b8
What is -10d (base 15) in base 14?
-130
-53a (base 12) to base 2
-1011111110
Convert -741 (base 8) to base 5.
-3411
What is -1448 (base 10) in base 13?
-875
101100111010101 (base 2) to base 9
34482
Convert -3311131 (base 5) to base 7.
-325205
-201201 (base 3) to base 7
-1360
10110101101 (base 2) to base 13
87a
Convert -3407 (base 9) to base 8.
-4726
10001000100 (base 2) to base 6
5020
-14411 (base 7) to base 13
-1a6c
What is dbac (base 14) in base 5?
2203410
What is 1535 (base 6) in base 5?
3134
What is -3142 (base 8) in base 6?
-11322
-317 (base 11) to base 4
-11331
Convert af45 (base 16) to base 13.
17566
10a2 (base 11) to base 13
870
What is -11b (base 15) in base 5?
-2001
Convert 5f1 (base 16) to base 7.
4302
Convert -11501 (base 7) to base 6.
-21502
Convert -1102 (base 16) to base 9.
-5867
What is -2012440 (base 5) in base 6?
-405141
Convert -379 (base 14) to base 4.
-22313
-800 (base 13) to base 10
-1352
Convert 1e2 (base 15) to base 14.
233
What is -10011101010001 (base 2) in base 10?
-10065
What is 11a59 (base 11) in base 16?
435e
What is -b384 (base 13) in base 8?
-60316
3c9 (base 14) to base 16
2fd
What is -221201122 (base 3) in base 2?
-100100101000011
-223323 (base 4) to base 16
-afb
Convert -223030 (base 4) to base 11.
-2093
Convert -101113 (base 4) to base 7.
-3145
da7 (base 15) to base 7
11662
What is -1725 (base 11) in base 6?
-14113
102111201 (base 3) to base 4
2003011
What is -ca1 (base 16) in base 8?
-6241
What is 129d (base 16) in base 4?
1022131
Convert 2870 (base 10) to base 14.
1090
What is -565 (base 8) in base 14?
-1c9
What is -197b5 (base 14) in base 12?
-314ab
Convert -115024 (base 6) to base 9.
-14847
What is 10011010110100101 (base 2) in base 5?
10014034
What is -30012 (base 4) in base 16?
-306
40 (base 11) to base 15
2e
What is 242312 (base 6) in base 2?
101001100100100
What is 20000 (base 5) in base 13?
752
What is 11001100100 (base 2) in base 10?
1636
-11648 (base 9) to base 6
-100112
35511 (base 10) to base 6
432223
Convert 440 (base 12) to base 15.
2b9
Convert 901 (base 16) to base 2.
100100000001
Convert 13554 (base 6) to base 7.
6202
Convert -13232302 (base 4) to base 8.
-75662
What is -1c2 (base 13) in base 2?
-101000111
386 (base 9) to base 11
272
Convert 178a9 (base 12) to base 4.
20111001
What is 3001 (base 7) in base 11?
857
-761 (base 10) to base 8
-1371
Convert -7863 (base 9) to base 12.
-3440
2a5 (base 12) to base 5
3123
What is -28038 (base 9) in base 13?
-8849
583 (base 15) to base 9
1636
1742 (base 8) to base 10
994
What is -2366 (base 11) in base 2?
-110000011001
What is 33123112 (base 4) in base 8?
173326
What is 11110010111 (base 2) in base 14?
9cb
Convert 22202 (base 3) to base 15.
10b
Convert 2221 (base 6) to base 14.
28d
What is -959 (base 11) in base 2?
-10010000001
Convert 43117 (base 8) to base 4.
10121033
What is 20111 (base 10) in base 15?
5e5b
Convert 24133 (base 7) to base 6.
44531
Convert -573 (base 10) t